{"id":2467,"date":"2025-03-08T13:57:57","date_gmt":"2025-03-08T17:57:57","guid":{"rendered":"https:\/\/darka.cl\/?post_type=product&#038;p=2467"},"modified":"2025-11-08T22:13:41","modified_gmt":"2025-11-09T02:13:41","slug":"romantic-tommy","status":"publish","type":"product","link":"https:\/\/darka.cl\/index.php\/producto\/romantic-tommy\/","title":{"rendered":"ROMANTIC TOMMY"},"content":{"rendered":"<p>Romantic Tommy es una fragancia fresca y vibrante. Con notas c\u00edtricas de mandarina, pomelo y menta, se combina con un toque de lavanda y especias, creando un aroma energizante y juvenil. Su base amaderada de s\u00e1ndalo y \u00e1mbar le da calidez y sofisticaci\u00f3n. Ideal para el d\u00eda a d\u00eda,\u00a0es una opci\u00f3n refrescante y casual para hombres que buscan una fragancia fresca y atemporal.<\/p>\n","protected":false},"excerpt":{"rendered":"<p>Eau de Parfum 100 ml.<\/p>\n","protected":false},"featured_media":2474,"comment_status":"open","ping_status":"closed","template":"","meta":[],"product_brand":[],"product_cat":[23],"product_tag":[],"class_list":{"0":"post-2467","1":"product","2":"type-product","3":"status-publish","4":"has-post-thumbnail","6":"product_cat-hombres","8":"first","9":"instock","10":"sale","11":"taxable","12":"shipping-taxable","13":"purchasable","14":"product-type-simple"},"_links":{"self":[{"href":"https:\/\/darka.cl\/index.php\/wp-json\/wp\/v2\/product\/2467","targetHints":{"allow":["GET"]}}],"collection":[{"href":"https:\/\/darka.cl\/index.php\/wp-json\/wp\/v2\/product"}],"about":[{"href":"https:\/\/darka.cl\/index.php\/wp-json\/wp\/v2\/types\/product"}],"replies":[{"embeddable":true,"href":"https:\/\/darka.cl\/index.php\/wp-json\/wp\/v2\/comments?post=2467"}],"wp:featuredmedia":[{"embeddable":true,"href":"https:\/\/darka.cl\/index.php\/wp-json\/wp\/v2\/media\/2474"}],"wp:attachment":[{"href":"https:\/\/darka.cl\/index.php\/wp-json\/wp\/v2\/media?parent=2467"}],"wp:term":[{"taxonomy":"product_brand","embeddable":true,"href":"https:\/\/darka.cl\/index.php\/wp-json\/wp\/v2\/product_brand?post=2467"},{"taxonomy":"product_cat","embeddable":true,"href":"https:\/\/darka.cl\/index.php\/wp-json\/wp\/v2\/product_cat?post=2467"},{"taxonomy":"product_tag","embeddable":true,"href":"https:\/\/darka.cl\/index.php\/wp-json\/wp\/v2\/product_tag?post=2467"}],"curies":[{"name":"wp","href":"https:\/\/api.w.org\/{rel}","templated":true}]}}