{"id":2486,"date":"2025-03-08T20:58:01","date_gmt":"2025-03-09T00:58:01","guid":{"rendered":"https:\/\/darka.cl\/?post_type=product&#038;p=2486"},"modified":"2026-01-01T11:03:06","modified_gmt":"2026-01-01T15:03:06","slug":"romantic-delicius","status":"publish","type":"product","link":"https:\/\/darka.cl\/index.php\/producto\/romantic-delicius\/","title":{"rendered":"ROMANTIC DELICIUS"},"content":{"rendered":"<p>Romantic Delicius\u00a0es una fragancia fresca y vibrante inspirada en la manzana verde. Su apertura jugosa combina manzana, pepino y pomelo, seguida de un coraz\u00f3n floral de magnolia y rosa, sobre una base suave de s\u00e1ndalo y \u00e1mbar. Es un perfume energizante, juvenil y vers\u00e1til, ideal para el d\u00eda a d\u00eda y perfecto para quienes buscan un aroma fresco, frutal y femenino.<\/p>\n","protected":false},"excerpt":{"rendered":"<p>Eau de Parfum 100 ml.<\/p>\n","protected":false},"featured_media":2487,"comment_status":"open","ping_status":"closed","template":"","meta":[],"product_brand":[],"product_cat":[29],"product_tag":[],"class_list":{"0":"post-2486","1":"product","2":"type-product","3":"status-publish","4":"has-post-thumbnail","6":"product_cat-perfumes-de-mujer","8":"first","9":"instock","10":"sale","11":"taxable","12":"shipping-taxable","13":"purchasable","14":"product-type-simple"},"_links":{"self":[{"href":"https:\/\/darka.cl\/index.php\/wp-json\/wp\/v2\/product\/2486","targetHints":{"allow":["GET"]}}],"collection":[{"href":"https:\/\/darka.cl\/index.php\/wp-json\/wp\/v2\/product"}],"about":[{"href":"https:\/\/darka.cl\/index.php\/wp-json\/wp\/v2\/types\/product"}],"replies":[{"embeddable":true,"href":"https:\/\/darka.cl\/index.php\/wp-json\/wp\/v2\/comments?post=2486"}],"wp:featuredmedia":[{"embeddable":true,"href":"https:\/\/darka.cl\/index.php\/wp-json\/wp\/v2\/media\/2487"}],"wp:attachment":[{"href":"https:\/\/darka.cl\/index.php\/wp-json\/wp\/v2\/media?parent=2486"}],"wp:term":[{"taxonomy":"product_brand","embeddable":true,"href":"https:\/\/darka.cl\/index.php\/wp-json\/wp\/v2\/product_brand?post=2486"},{"taxonomy":"product_cat","embeddable":true,"href":"https:\/\/darka.cl\/index.php\/wp-json\/wp\/v2\/product_cat?post=2486"},{"taxonomy":"product_tag","embeddable":true,"href":"https:\/\/darka.cl\/index.php\/wp-json\/wp\/v2\/product_tag?post=2486"}],"curies":[{"name":"wp","href":"https:\/\/api.w.org\/{rel}","templated":true}]}}