{"id":3035,"date":"2026-05-11T17:12:29","date_gmt":"2026-05-11T21:12:29","guid":{"rendered":"https:\/\/darka.cl\/?post_type=product&#038;p=3035"},"modified":"2026-05-11T17:12:37","modified_gmt":"2026-05-11T21:12:37","slug":"king-of-libra-men","status":"publish","type":"product","link":"https:\/\/darka.cl\/index.php\/producto\/king-of-libra-men\/","title":{"rendered":"KING OF LIBRA MEN"},"content":{"rendered":"<p><strong>AROM\u00c1TICO ESPECIADO \u2014 100 ML<\/strong><\/p>\n<p>King Of Libra Men es una fragancia intensa y sofisticada que combina una salida fresca y vibrante con un coraz\u00f3n especiado elegante y masculino. Su fondo amaderado y sensual aporta profundidad y car\u00e1cter, ideal para hombres seguros de s\u00ed mismos que buscan un aroma moderno, seductor y refinado.<\/p>\n<hr style=\"border: none; border-top: 1px solid #e5e5e5; margin: 18px 0;\" \/>\n<p><strong>Pir\u00e1mide Olfativa<\/strong><\/p>\n<p><strong>Notas de salida<\/strong><\/p>\n<ul>\n<li>Cardamomo<\/li>\n<li>Jengibre<\/li>\n<li>Bergamota<\/li>\n<\/ul>\n<p><strong>Notas de coraz\u00f3n<\/strong><\/p>\n<ul>\n<li>Lavanda<\/li>\n<li>Geranio<\/li>\n<li>Notas arom\u00e1ticas<\/li>\n<\/ul>\n<p><strong>Notas de fondo<\/strong><\/p>\n<ul>\n<li>Cedro<\/li>\n<li>Vetiver<\/li>\n<li>\u00c1mbar<\/li>\n<li>Patchouli<\/li>\n<\/ul>\n<hr style=\"border: none; border-top: 1px solid #e5e5e5; margin: 18px 0;\" \/>\n<p><strong>Perfil Arom\u00e1tico<\/strong><\/p>\n<p>Fresco \u2022 Especiado \u2022 Elegante \u2022 Masculino \u2022 Seductor \u2022 Moderno \u2022 Intenso<\/p>\n<hr style=\"border: none; border-top: 1px solid #e5e5e5; margin: 18px 0;\" \/>\n<p><strong>Presentaci\u00f3n<\/strong><\/p>\n<p>Contenido: <strong>100 ML<\/strong><\/p>\n","protected":false},"excerpt":{"rendered":"<p>Eau de Parfum 100ml.<\/p>\n","protected":false},"featured_media":3036,"comment_status":"open","ping_status":"closed","template":"","meta":[],"product_brand":[],"product_cat":[23],"product_tag":[],"class_list":{"0":"post-3035","1":"product","2":"type-product","3":"status-publish","4":"has-post-thumbnail","6":"product_cat-hombres","8":"first","9":"instock","10":"sale","11":"taxable","12":"shipping-taxable","13":"purchasable","14":"product-type-simple"},"_links":{"self":[{"href":"https:\/\/darka.cl\/index.php\/wp-json\/wp\/v2\/product\/3035","targetHints":{"allow":["GET"]}}],"collection":[{"href":"https:\/\/darka.cl\/index.php\/wp-json\/wp\/v2\/product"}],"about":[{"href":"https:\/\/darka.cl\/index.php\/wp-json\/wp\/v2\/types\/product"}],"replies":[{"embeddable":true,"href":"https:\/\/darka.cl\/index.php\/wp-json\/wp\/v2\/comments?post=3035"}],"wp:featuredmedia":[{"embeddable":true,"href":"https:\/\/darka.cl\/index.php\/wp-json\/wp\/v2\/media\/3036"}],"wp:attachment":[{"href":"https:\/\/darka.cl\/index.php\/wp-json\/wp\/v2\/media?parent=3035"}],"wp:term":[{"taxonomy":"product_brand","embeddable":true,"href":"https:\/\/darka.cl\/index.php\/wp-json\/wp\/v2\/product_brand?post=3035"},{"taxonomy":"product_cat","embeddable":true,"href":"https:\/\/darka.cl\/index.php\/wp-json\/wp\/v2\/product_cat?post=3035"},{"taxonomy":"product_tag","embeddable":true,"href":"https:\/\/darka.cl\/index.php\/wp-json\/wp\/v2\/product_tag?post=3035"}],"curies":[{"name":"wp","href":"https:\/\/api.w.org\/{rel}","templated":true}]}}